llions digit of 42519115?
4
What is the ten thousands digit of 109606841?
0
What is the hundred millions digit of 101483305?
1
What is the hundreds digit of 6918301?
3
What is the millions digit of 126166042?
6
What is the hundreds digit of 1517367050?
0
What is the millions digit of 435643720?
5
What is the billions digit of 1290163419?
1
What is the hundreds digit of 117435889?
8
What is the tens digit of 580866534?
3
What is the tens digit of 124287321?
2
What is the tens digit of 42668199?
9
What is the hundred millions digit of 987252949?
9
What is the tens digit of 1135281122?
2
What is the ten thousands digit of 4576731?
7
What is the thousands digit of 6101933049?
3
What is the tens digit of 2401292038?
3
What is the ten thousands digit of 749277793?
7
What is the hundreds digit of 1898219759?
7
What is the hundreds digit of 101603025?
0
What is the thousands digit of 330408079?
8
What is the units digit of 101802934?
4
What is the millions digit of 908710075?
8
What is the tens digit of 510418126?
2
What is the ten millions digit of 203568399?
0
What is the hundreds digit of 122660747?
7
What is the ten thousands digit of 5221404072?
0
What is the ten thousands digit of 882086749?
8
What is the ten millions digit of 114266832?
1
What is the tens digit of 1298386691?
9
What is the thousands digit of 340033831?
3
What is the millions digit of 47589865?
7
What is the millions digit of 158518553?
8
What is the hundreds digit of 694760139?
1
What is the ten millions digit of 377138362?
7
What is the ten millions digit of 758294310?
5
What is the ten thousands digit of 87092664?
9
What is the hundred thousands digit of 200410750?
4
What is the hundred millions digit of 4847987891?
8
What is the hundreds digit of 467696101?
1
What is the thousands digit of 208552465?
2
What is the millions digit of 319006860?
9
What is the tens digit of 644326515?
1
What is the ten millions digit of 3593279669?
9
What is the tens digit of 10926363?
6
What is the ten thousands digit of 69807838?
0
What is the hundreds digit of 1083314698?
6
What is the hundred millions digit of 5334370650?
3
What is the tens digit of 3480835175?
7
What is the units digit of 376636780?
0
What is the tens digit of 117705299?
9
What is the hundreds digit of 115184288?
2
What is the millions digit of 37368273?
7
What is the ten thousands digit of 1260423499?
2
What is the tens digit of 239773184?
8
What is the thousands digit of 12645206?
5
What is the tens digit of 501203901?
0
What is the millions digit of 39748015?
9
What is the hundred millions digit of 5228710449?
2
What is the thousands digit of 33067781?
7
What is the ten millions digit of 61062845?
6
What is the ten millions digit of 56029170?
5
What is the millions digit of 181772212?
1
What is the tens digit of 58676784?
8
What is the tens digit of 14124593?
9
What is the hundred millions digit of 2764444944?
7
What is the ten millions digit of 3618946497?
1
What is the thousands digit of 630355847?
5
What is the hundreds digit of 778537490?
4
What is the hundreds digit of 8168762?
7
What is the hundreds digit of 4870793433?
4
What is the thousands digit of 62806634?
6
What is the hundred thousands digit of 257827992?
8
What is the ten thousands digit of 2177423878?
2
What is the ten thousands digit of 206601752?
0
What is the thousands digit of 588506645?
6
What is the units digit of 356519239?
9
What is the millions digit of 3296194322?
6
What is the hundred millions digit of 1185393863?
1
What is the ten thousands digit of 419351967?
5
What is the ten thousands digit of 46438093?
3
What is the millions digit of 38737145?
8
What is the billions digit of 2449333014?
2
What is the hundreds digit of 617922136?
1
What is the hundred millions digit of 2324807371?
3
What is the ten thousands digit of 2205855?
0
What is the hundreds digit of 25613340?
3
What is the hundred thousands digit of 61475037?
4
What is the hundred thousands digit of 95158464?
1
What is the hundred thousands digit of 7860384690?
3
What is the tens digit of 13734802?
0
What is the hundred thousands digit of 1376871686?
8
What is the thousands digit of 17823239?
3
What is the hundred thousands digit of 846136069?
1
What is the thousands digit of 360136753?
6
What is the hundred millions digit of 1166016600?
1
What is the millions digit of 315815317?
5
What is the ten thousands digit of 136040758?
4
What is the hundred millions digit of 303273487?
3
What is the ten millions digit of 8620996358?
2
What is the millions digit of 565228552?
5
What is the hundred thousands digit of 2279321800?
3
What is the thousands digit of 1834273602?
3
What is the ten thousands digit of 3423049859?
4
What is the hundred thousands digit of 109930446?
9
What is the thousands digit of 8741701?
1
What is the hundreds digit of 2726637894?
8
What is the ten thousands digit of 654250556?
5
What is the millions digit of 863914074?
3
What is the hundreds digit of 4545653557?
5
What is the millions digit of 233675095?
3
What is the hundred thousands digit of 4237106171?
1
What is the hundreds digit of 524990105?
1
What is the hundred thousands digit of 257821462?
8
What is the millions digit of 42332760?
2
What is the hundreds digit of 3883654245?
2
What is the millions digit of 88079623?
8
What is the tens digit of 94351303?
0
What is the millions digit of 1574482113?
4
What is the billions digit of 1901867206?
1
What is the thousands digit of 2103063969?
3
What is the ten millions digit of 13419222?
1
What is the thousands digit of 202126657?
6
What is the tens digit of 522610926?
2
What is the ten thousands digit of 9747541?
4
What is the hundreds digit of 623309025?
0
What is the ten thousands digit of 37622409?
2
What is the ten thousands digit of 34548511?
4
What is the units digit of 18928504?
4
What is the millions digit of 1263761932?
3
What is the ten thousands digit of 4373638301?
3
What is the hundred thousands digit of 31194151?
1
What is the billions digit of 3898333408?
3
What is the ten millions digit of 585905418?
8
What is the tens digit of 58841142?
4
What is the hundreds digit of 773077599?
5
What is the millions digit of 1890474947?
0
What is the tens digit of 1444903039?
3
What is the ten millions digit of 822073395?
2
What is the thousands digit of 154532527?
2
What is the thousands digit of 36170833?
0
What is the ten millions digit of 252405892?
5
What is the millions digit of 558261369?
8
What is the hundreds digit of 266496671?
6
What is the millions digit of 1196062792?
6
What is the thousands digit of 203162894?
2
What is the hundred millions digit of 257679988?
2
What is the thousands digit of 132289314?
9
What is the ten thousands digit of 138254654?
5
What is the billions digit of 2514928991?
2
What is the hundreds digit of 852703265?
2
What is the hundred thousands digit of 400638786?
6
What is the ten thousands digit of 804738620?
3
What is the units digit of 15683206?
6
What is the units digit of 374240804?
4
What is the units digit of 338732358?
8
What is the millions digit of 91062876?
1
What is the billions digit of 4034654611?
4
What is the millions digit of 190748685?
0
What is the units digit of 70624293?
3
What is the ten thousands digit of 168913988?
1
What is the hundred millions digit of 923752964?
9
What is the ten thousands digit of 108459174?
5
What is the ten thousands digit of 23847598?
4
What is the ten millions digit of 691338706?
9
What is the thousands digit of 1572009691?
9
What is the units digit of 5933085690?
0
What is the hundreds digit of 441645627?
6
What is the units digit of 24169381?
1
What is the hundred millions digit of 491830476?
4
What is the thousands digit of 181752357?
2
What is the tens digit of 2373944174?
7
What is the ten millions digit of 1548033781?
4
What is the hundred thousands digit of 2479758565?
7
What is the ten thousands digit of 42194577?
9
What is the hundred thousands digit of 48776744?
7
What is the ten millions digit of 126516095?
2
What is the ten millions digit of 2544370449?
4
What is the hundred thousands digit of 1735724188?
7
What is the hundreds digit of 332690322?
3
What is the ten thousands digit of 17190092?
9
What is the units digit of 287060053?
3
What is the hundreds digit 